{"id":754,"date":"2023-11-14T14:34:17","date_gmt":"2023-11-14T12:34:17","guid":{"rendered":"https:\/\/raum-fassade.de\/?page_id=754"},"modified":"2026-01-24T09:20:23","modified_gmt":"2026-01-24T07:20:23","slug":"fugenlose-oberflaechen","status":"publish","type":"page","link":"https:\/\/raum-fassade.de\/?page_id=754","title":{"rendered":"Fugenlose Oberfl\u00e4chen"},"content":{"rendered":"\n<p class=\"has-medium-font-size\"><strong>KREATIVE FUGENLOSE OBERFL\u00c4CHEN by Dirk Olbertz<\/strong><\/p>\n\n\n\n<p class=\"has-medium-font-size\">Grenzenlos Fugenlos im ganzen Haus: Wand, Boden, Dusche, Treppe<\/p>\n\n\n\n<figure class=\"wp-block-video\"><video height=\"360\" style=\"aspect-ratio: 254 \/ 360;\" width=\"254\" controls loop src=\"https:\/\/raum-fassade.de\/wp-content\/uploads\/2025\/02\/2025022111111-7.mp4\"><\/video><\/figure>\n\n\n\n<p class=\"has-medium-font-size\">Ob in Wohn- oder Arbeitsr\u00e4umen, fugenlose W\u00e4nde verleihen jedem Raum einen einzigartigen Touch. Badezimmer oder K\u00fcchen k\u00f6nnen zu glatten W\u00e4nden umgestaltet werden, ohne dass die Fliesen abgeschlagen werden m\u00fcssen.<\/p>\n\n\n\n<p class=\"has-medium-font-size\">Treppenaufg\u00e4nge, Schlaf- und Wohnr\u00e4ume oder auch B\u00fcros oder Konferenzr\u00e4ume k\u00f6nnen zu zeitlosen und kreativen R\u00e4umen geschaffen werden. Fugenlose W\u00e4nde sind zudem robust, pflegeleicht und UV-best\u00e4ndig.<\/p>\n\n\n\n<p class=\"has-medium-font-size\">Wir verarbeiten die hochwertigen Materialien und sind auch Fachbetrieb von Beton Vivet.<strong> <a href=\"https:\/\/betonvivet.com\/\">https:\/\/betonvivet.com\/<\/a><\/strong><\/p>\n\n\n\n<figure class=\"wp-block-image size-large\"><a href=\"https:\/\/raum-fassade.de\/wp-content\/uploads\/2024\/05\/Logo_Vivet_web.jpg\"><img loading=\"lazy\" decoding=\"async\" width=\"1024\" height=\"426\" src=\"https:\/\/raum-fassade.de\/wp-content\/uploads\/2024\/05\/Logo_Vivet_web-1024x426.jpg\" alt=\"\" class=\"wp-image-784\" srcset=\"https:\/\/raum-fassade.de\/wp-content\/uploads\/2024\/05\/Logo_Vivet_web-1024x426.jpg 1024w, https:\/\/raum-fassade.de\/wp-content\/uploads\/2024\/05\/Logo_Vivet_web-300x125.jpg 300w, https:\/\/raum-fassade.de\/wp-content\/uploads\/2024\/05\/Logo_Vivet_web-768x319.jpg 768w, https:\/\/raum-fassade.de\/wp-content\/uploads\/2024\/05\/Logo_Vivet_web-1536x639.jpg 1536w, https:\/\/raum-fassade.de\/wp-content\/uploads\/2024\/05\/Logo_Vivet_web-2048x851.jpg 2048w, https:\/\/raum-fassade.de\/wp-content\/uploads\/2024\/05\/Logo_Vivet_web-500x208.jpg 500w\" sizes=\"auto, (max-width: 1024px) 100vw, 1024px\" \/><\/a><\/figure>\n\n\n\n<p class=\"has-medium-font-size\"><strong>Vereinbaren Sie jetzt schon einen Beratungstermin!<\/strong> <\/p>\n\n\n\n<p class=\"has-medium-font-size\"><strong>E-Mail: <a href=\"mailto:dirkolbertz@t-online.de\">dirkolbertz@t-online.de<\/a><\/strong><\/p>\n\n\n\n<figure class=\"wp-block-gallery has-nested-images columns-default is-cropped wp-block-gallery-1 is-layout-flex wp-block-gallery-is-layout-flex\">\n<figure class=\"wp-block-image size-full\"><a href=\"https:\/\/raum-fassade.de\/wp-content\/uploads\/2023\/11\/Kreative-Oberflaechen-1.png\"><img loading=\"lazy\" decoding=\"async\" width=\"863\" height=\"282\" data-id=\"756\" src=\"https:\/\/raum-fassade.de\/wp-content\/uploads\/2023\/11\/Kreative-Oberflaechen-1.png\" alt=\"\" class=\"wp-image-756\" srcset=\"https:\/\/raum-fassade.de\/wp-content\/uploads\/2023\/11\/Kreative-Oberflaechen-1.png 863w, https:\/\/raum-fassade.de\/wp-content\/uploads\/2023\/11\/Kreative-Oberflaechen-1-300x98.png 300w, https:\/\/raum-fassade.de\/wp-content\/uploads\/2023\/11\/Kreative-Oberflaechen-1-768x251.png 768w, https:\/\/raum-fassade.de\/wp-content\/uploads\/2023\/11\/Kreative-Oberflaechen-1-500x163.png 500w\" sizes=\"auto, (max-width: 863px) 100vw, 863px\" \/><\/a><\/figure>\n<\/figure>\n\n\n\n<figure class=\"wp-block-image size-full\"><a href=\"https:\/\/raum-fassade.de\/wp-content\/uploads\/2023\/11\/Kreative-Oberflaechen-2.png\"><img loading=\"lazy\" decoding=\"async\" width=\"861\" height=\"274\" src=\"https:\/\/raum-fassade.de\/wp-content\/uploads\/2023\/11\/Kreative-Oberflaechen-2.png\" alt=\"\" class=\"wp-image-757\" srcset=\"https:\/\/raum-fassade.de\/wp-content\/uploads\/2023\/11\/Kreative-Oberflaechen-2.png 861w, https:\/\/raum-fassade.de\/wp-content\/uploads\/2023\/11\/Kreative-Oberflaechen-2-300x95.png 300w, https:\/\/raum-fassade.de\/wp-content\/uploads\/2023\/11\/Kreative-Oberflaechen-2-768x244.png 768w, https:\/\/raum-fassade.de\/wp-content\/uploads\/2023\/11\/Kreative-Oberflaechen-2-500x159.png 500w\" sizes=\"auto, (max-width: 861px) 100vw, 861px\" \/><\/a><\/figure>\n\n\n\n<figure class=\"wp-block-image size-full\"><a href=\"https:\/\/raum-fassade.de\/wp-content\/uploads\/2023\/11\/Kreative-Oberflaechen-3.png\"><img loading=\"lazy\" decoding=\"async\" width=\"862\" height=\"327\" src=\"https:\/\/raum-fassade.de\/wp-content\/uploads\/2023\/11\/Kreative-Oberflaechen-3.png\" alt=\"\" class=\"wp-image-758\" srcset=\"https:\/\/raum-fassade.de\/wp-content\/uploads\/2023\/11\/Kreative-Oberflaechen-3.png 862w, https:\/\/raum-fassade.de\/wp-content\/uploads\/2023\/11\/Kreative-Oberflaechen-3-300x114.png 300w, https:\/\/raum-fassade.de\/wp-content\/uploads\/2023\/11\/Kreative-Oberflaechen-3-768x291.png 768w, https:\/\/raum-fassade.de\/wp-content\/uploads\/2023\/11\/Kreative-Oberflaechen-3-500x190.png 500w\" sizes=\"auto, (max-width: 862px) 100vw, 862px\" \/><\/a><\/figure>\n\n\n\n<figure class=\"wp-block-image size-large\"><a href=\"https:\/\/raum-fassade.de\/wp-content\/uploads\/2024\/05\/Zertifikat-Beton-vivet.jpg\"><img loading=\"lazy\" decoding=\"async\" width=\"724\" height=\"1024\" src=\"https:\/\/raum-fassade.de\/wp-content\/uploads\/2024\/05\/Zertifikat-Beton-vivet-724x1024.jpg\" alt=\"\" class=\"wp-image-790\" srcset=\"https:\/\/raum-fassade.de\/wp-content\/uploads\/2024\/05\/Zertifikat-Beton-vivet-724x1024.jpg 724w, https:\/\/raum-fassade.de\/wp-content\/uploads\/2024\/05\/Zertifikat-Beton-vivet-212x300.jpg 212w, https:\/\/raum-fassade.de\/wp-content\/uploads\/2024\/05\/Zertifikat-Beton-vivet-768x1087.jpg 768w, https:\/\/raum-fassade.de\/wp-content\/uploads\/2024\/05\/Zertifikat-Beton-vivet-1085x1536.jpg 1085w, https:\/\/raum-fassade.de\/wp-content\/uploads\/2024\/05\/Zertifikat-Beton-vivet.jpg 1190w\" sizes=\"auto, (max-width: 724px) 100vw, 724px\" \/><\/a><\/figure>\n","protected":false},"excerpt":{"rendered":"<p>KREATIVE FUGENLOSE OBERFL\u00c4CHEN by Dirk Olbertz Grenzenlos Fugenlos im ganzen Haus: Wand, Boden, Dusche, Treppe Ob in Wohn- oder Arbeitsr\u00e4umen, fugenlose W\u00e4nde verleihen jedem Raum einen einzigartigen Touch. Badezimmer oder K\u00fcchen k\u00f6nnen zu glatten W\u00e4nden umgestaltet werden, ohne dass die &hellip; <a href=\"https:\/\/raum-fassade.de\/?page_id=754\">Weiterlesen <span class=\"meta-nav\">&rarr;<\/span><\/a><\/p>\n","protected":false},"author":2,"featured_media":0,"parent":0,"menu_order":3,"comment_status":"closed","ping_status":"closed","template":"","meta":{"footnotes":""},"class_list":["post-754","page","type-page","status-publish","hentry"],"_links":{"self":[{"href":"https:\/\/raum-fassade.de\/index.php?rest_route=\/wp\/v2\/pages\/754","targetHints":{"allow":["GET"]}}],"collection":[{"href":"https:\/\/raum-fassade.de\/index.php?rest_route=\/wp\/v2\/pages"}],"about":[{"href":"https:\/\/raum-fassade.de\/index.php?rest_route=\/wp\/v2\/types\/page"}],"author":[{"embeddable":true,"href":"https:\/\/raum-fassade.de\/index.php?rest_route=\/wp\/v2\/users\/2"}],"replies":[{"embeddable":true,"href":"https:\/\/raum-fassade.de\/index.php?rest_route=%2Fwp%2Fv2%2Fcomments&post=754"}],"version-history":[{"count":14,"href":"https:\/\/raum-fassade.de\/index.php?rest_route=\/wp\/v2\/pages\/754\/revisions"}],"predecessor-version":[{"id":846,"href":"https:\/\/raum-fassade.de\/index.php?rest_route=\/wp\/v2\/pages\/754\/revisions\/846"}],"wp:attachment":[{"href":"https:\/\/raum-fassade.de\/index.php?rest_route=%2Fwp%2Fv2%2Fmedia&parent=754"}],"curies":[{"name":"wp","href":"https:\/\/api.w.org\/{rel}","templated":true}]}}