{"id":32,"date":"2014-01-21T11:39:14","date_gmt":"2014-01-21T09:39:14","guid":{"rendered":"http:\/\/raum-fassade.de\/?page_id=32"},"modified":"2026-01-24T09:47:59","modified_gmt":"2026-01-24T07:47:59","slug":"beratung","status":"publish","type":"page","link":"https:\/\/raum-fassade.de\/?page_id=32","title":{"rendered":"Beratung"},"content":{"rendered":"<div class=\"ditty ditty--pre\" data-id=\"847\" data-uniqid=\"ditty-69f1ab57262e1\"><\/div>\n\n\n<\/p>\n<p><span style=\"font-size: 14pt;\">Wir bieten Renovierungskonzepte und partnerschaftliche Beratung.<\/span><\/p>\n<p><span style=\"font-size: 14pt;\">In einem gr\u00fcndlichen Beratungsgespr\u00e4ch gehen wir auf Ihre W\u00fcnsche ein.<\/span><\/p>\n<p><span style=\"font-size: 14pt;\">Von der Renovierung eines Zimmers bis zu umfangreichen Bauvorhaben stehen wir mit Rat und Tat zur Seite.<\/span><\/p>\n<p><span style=\"font-size: 14pt;\"><b>Wir leben Handwerk &#8211; pers\u00f6nlich, kompetent und innovativ &#8211; mit hohem Anspruch an Qualit\u00e4t und Service.<\/b><\/span><\/p>\n<p style=\"text-align: center;\">","protected":false},"excerpt":{"rendered":"<p>Wir bieten Renovierungskonzepte und partnerschaftliche Beratung. In einem gr\u00fcndlichen Beratungsgespr\u00e4ch gehen wir auf Ihre W\u00fcnsche ein. Von der Renovierung eines Zimmers bis zu umfangreichen Bauvorhaben stehen wir mit Rat und Tat zur Seite. Wir leben Handwerk &#8211; pers\u00f6nlich, kompetent und &hellip; <a href=\"https:\/\/raum-fassade.de\/?page_id=32\">Weiterlesen <span class=\"meta-nav\">&rarr;<\/span><\/a><\/p>\n","protected":false},"author":4,"featured_media":0,"parent":0,"menu_order":7,"comment_status":"closed","ping_status":"closed","template":"","meta":{"footnotes":""},"class_list":["post-32","page","type-page","status-publish","hentry"],"_links":{"self":[{"href":"https:\/\/raum-fassade.de\/index.php?rest_route=\/wp\/v2\/pages\/32","targetHints":{"allow":["GET"]}}],"collection":[{"href":"https:\/\/raum-fassade.de\/index.php?rest_route=\/wp\/v2\/pages"}],"about":[{"href":"https:\/\/raum-fassade.de\/index.php?rest_route=\/wp\/v2\/types\/page"}],"author":[{"embeddable":true,"href":"https:\/\/raum-fassade.de\/index.php?rest_route=\/wp\/v2\/users\/4"}],"replies":[{"embeddable":true,"href":"https:\/\/raum-fassade.de\/index.php?rest_route=%2Fwp%2Fv2%2Fcomments&post=32"}],"version-history":[{"count":5,"href":"https:\/\/raum-fassade.de\/index.php?rest_route=\/wp\/v2\/pages\/32\/revisions"}],"predecessor-version":[{"id":853,"href":"https:\/\/raum-fassade.de\/index.php?rest_route=\/wp\/v2\/pages\/32\/revisions\/853"}],"wp:attachment":[{"href":"https:\/\/raum-fassade.de\/index.php?rest_route=%2Fwp%2Fv2%2Fmedia&parent=32"}],"curies":[{"name":"wp","href":"https:\/\/api.w.org\/{rel}","templated":true}]}}