{"id":22,"date":"2014-01-21T11:33:39","date_gmt":"2014-01-21T09:33:39","guid":{"rendered":"http:\/\/raum-fassade.de\/?page_id=22"},"modified":"2015-02-05T15:21:50","modified_gmt":"2015-02-05T13:21:50","slug":"versicherungsschaeden","status":"publish","type":"page","link":"https:\/\/raum-fassade.de\/?page_id=22","title":{"rendered":"Versicherungssch\u00e4den"},"content":{"rendered":"<p><span style=\"font-size: 14pt;\"><strong>Behebung von Wasser- und Brandsch\u00e4den<\/strong><\/span><\/p>\n<p><span style=\"font-size: 14pt;\">Niemand m\u00f6chte daran denken und man w\u00fcnscht es keinem. Leider kann es doch geschehen, dass es durch Blitzschlag, technischen Defekt oder Unachtsamkeit zu einem Brand in der Wohnung, im B\u00fcro oder im Betrieb kommt.<\/span><\/p>\n<p><strong><span style=\"font-size: 14pt;\">Daher gilt es sofort zu reagieren, um gr\u00f6\u00dfere Folgesch\u00e4den zu verhindern.<\/span><\/strong><\/p>\n<p><span style=\"font-size: 14pt;\">Um schnellstm\u00f6glich qualit\u00e4tssichere Ergebnisse garantieren zu k\u00f6nnen, ist eine detaillierte Schadenaufnahme unmittelbar nach dem Brandgeschehen, die Grundlage f\u00fcr alle weiteren Entscheidungen, um den genauen Sanierungsumfang zu planen und mit den Wiederherstellungsarbeiten zu beginnen.<\/span><\/p>\n<p><a href=\"http:\/\/raum-fassade.de\/wp-content\/uploads\/2014\/01\/schiwabra_630x180.jpg\"><img loading=\"lazy\" decoding=\"async\" class=\"alignnone size-medium wp-image-157\" src=\"http:\/\/raum-fassade.de\/wp-content\/uploads\/2014\/01\/schiwabra_630x180-300x85.jpg\" alt=\"schiwabra_630x180\" width=\"300\" height=\"85\" srcset=\"https:\/\/raum-fassade.de\/wp-content\/uploads\/2014\/01\/schiwabra_630x180-300x85.jpg 300w, https:\/\/raum-fassade.de\/wp-content\/uploads\/2014\/01\/schiwabra_630x180-500x142.jpg 500w, https:\/\/raum-fassade.de\/wp-content\/uploads\/2014\/01\/schiwabra_630x180.jpg 630w\" sizes=\"auto, (max-width: 300px) 100vw, 300px\" \/><\/a><\/p>\n","protected":false},"excerpt":{"rendered":"<p>Behebung von Wasser- und Brandsch\u00e4den Niemand m\u00f6chte daran denken und man w\u00fcnscht es keinem. Leider kann es doch geschehen, dass es durch Blitzschlag, technischen Defekt oder Unachtsamkeit zu einem Brand in der Wohnung, im B\u00fcro oder im Betrieb kommt. Daher &hellip; <a href=\"https:\/\/raum-fassade.de\/?page_id=22\">Weiterlesen <span class=\"meta-nav\">&rarr;<\/span><\/a><\/p>\n","protected":false},"author":4,"featured_media":0,"parent":2,"menu_order":130,"comment_status":"closed","ping_status":"closed","template":"","meta":{"footnotes":""},"class_list":["post-22","page","type-page","status-publish","hentry"],"_links":{"self":[{"href":"https:\/\/raum-fassade.de\/index.php?rest_route=\/wp\/v2\/pages\/22","targetHints":{"allow":["GET"]}}],"collection":[{"href":"https:\/\/raum-fassade.de\/index.php?rest_route=\/wp\/v2\/pages"}],"about":[{"href":"https:\/\/raum-fassade.de\/index.php?rest_route=\/wp\/v2\/types\/page"}],"author":[{"embeddable":true,"href":"https:\/\/raum-fassade.de\/index.php?rest_route=\/wp\/v2\/users\/4"}],"replies":[{"embeddable":true,"href":"https:\/\/raum-fassade.de\/index.php?rest_route=%2Fwp%2Fv2%2Fcomments&post=22"}],"version-history":[{"count":5,"href":"https:\/\/raum-fassade.de\/index.php?rest_route=\/wp\/v2\/pages\/22\/revisions"}],"predecessor-version":[{"id":233,"href":"https:\/\/raum-fassade.de\/index.php?rest_route=\/wp\/v2\/pages\/22\/revisions\/233"}],"up":[{"embeddable":true,"href":"https:\/\/raum-fassade.de\/index.php?rest_route=\/wp\/v2\/pages\/2"}],"wp:attachment":[{"href":"https:\/\/raum-fassade.de\/index.php?rest_route=%2Fwp%2Fv2%2Fmedia&parent=22"}],"curies":[{"name":"wp","href":"https:\/\/api.w.org\/{rel}","templated":true}]}}